 8.
4
Calculate the remainder when 67 is divided by 17.
16
What is the remainder when 586 is divided by 66?
58
What is the remainder when 1286 is divided by 311?
42
What is the remainder when 172 is divided by 82?
8
What is the remainder when 95 is divided by 23?
3
What is the remainder when 267 is divided by 50?
17
Calculate the remainder when 48 is divided by 10.
8
Calculate the remainder when 664 is divided by 84.
76
What is the remainder when 133 is divided by 30?
13
Calculate the remainder when 1982 is divided by 66.
2
Calculate the remainder when 692 is divided by 166.
28
What is the remainder when 129 is divided by 10?
9
What is the remainder when 400 is divided by 77?
15
Calculate the remainder when 6500 is divided by 3250.
0
What is the remainder when 56 is divided by 18?
2
What is the remainder when 343 is divided by 43?
42
What is the remainder when 242 is divided by 91?
60
Calculate the remainder when 337 is divided by 57.
52
Calculate the remainder when 17932 is divided by 130.
122
What is the remainder when 126 is divided by 100?
26
What is the remainder when 581 is divided by 39?
35
Calculate the remainder when 947 is divided by 87.
77
Calculate the remainder when 7050 is divided by 172.
170
What is the remainder when 4439 is divided by 39?
32
Calculate the remainder when 295 is divided by 23.
19
What is the remainder when 10737 is divided by 91?
90
Calculate the remainder when 222 is divided by 3.
0
What is the remainder when 1956 is divided by 89?
87
Calculate the remainder when 574 is divided by 159.
97
Calculate the remainder when 92 is divided by 20.
12
Calculate the remainder when 190 is divided by 32.
30
Calculate the remainder when 74 is divided by 35.
4
What is the remainder when 179 is divided by 18?
17
Calculate the remainder when 139 is divided by 51.
37
Calculate the remainder when 346 is divided by 25.
21
What is the remainder when 179 is divided by 62?
55
What is the remainder when 103 is divided by 35?
33
What is the remainder when 277 is divided by 3?
1
Calculate the remainder when 321 is divided by 43.
20
What is the remainder when 1012 is divided by 42?
4
What is the remainder when 295 is divided by 106?
83
Calculate the remainder when 207 is divided by 28.
11
What is the remainder when 124 is divided by 58?
8
Calculate the remainder when 675 is divided by 128.
35
What is the remainder when 86 is divided by 27?
5
Calculate the remainder when 84 is divided by 13.
6
What is the remainder when 609 is divided by 179?
72
Calculate the remainder when 572 is divided by 3.
2
What is the remainder when 80 is divided by 21?
17
What is the remainder when 927 is divided by 115?
7
Calculate the remainder when 44 is divided by 6.
2
Calculate the remainder when 3702 is divided by 219.
198
Calculate the remainder when 52 is divided by 5.
2
Calculate the remainder when 71 is divided by 5.
1
What is the remainder when 2468 is divided by 356?
332
What is the remainder when 141 is divided by 4?
1
What is the remainder when 29 is divided by 19?
10
What is the remainder when 463 is divided by 15?
13
What is the remainder when 936 is divided by 452?
32
What is the remainder when 72 is divided by 6?
0
Calculate the remainder when 142 is divided by 24.
22
Calculate the remainder when 55 is divided by 11.
0
Calculate the remainder when 411 is divided by 141.
129
Calculate the remainder when 1319 is divided by 31.
17
What is the remainder when 4544 is divided by 48?
32
Calculate the remainder when 1081 is divided by 134.
9
What is the remainder when 1029 is divided by 115?
109
Calculate the remainder when 823 is divided by 1.
0
Calculate the remainder when 1505 is divided by 288.
65
What is the remainder when 44 is divided by 41?
3
What is the remainder when 1429 is divided by 85?
69
What is the remainder when 737 is divided by 42?
23
Calculate the remainder when 771 is divided by 118.
63
Calculate the remainder when 2003 is divided by 415.
343
Calculate the remainder when 1883 is divided by 89.
14
What is the remainder when 309 is divided by 8?
5
Calculate the remainder when 113 is divided by 30.
23
Calculate the remainder when 626 is divided by 300.
26
What is the remainder when 361 is divided by 26?
23
What is the remainder when 203 is divided by 109?
94
What is the remainder when 771 is divided by 182?
43
What is the remainder when 2757 is divided by 909?
30
Calculate the remainder when 1272 is divided by 15.
12
What is the remainder when 8138 is divided by 74?
72
What is the remainder when 5821 is divided by 2903?
15
What is the remainder when 142 is divided by 17?
6
Calculate the remainder when 838 is divided by 242.
112
Calculate the remainder when 1939 is divided by 59.
51
What is the remainder when 643 is divided by 14?
13
Calculate the remainder when 89 is divided by 45.
44
Calculate the remainder when 533 is divided by 39.
26
What is the remainder when 1256 is divided by 389?
89
Calculate the remainder when 169 is divided by 23.
8
Calculate the remainder when 279 is divided by 32.
23
Calculate the remainder when 274 is divided by 84.
22
Calculate the remainder when 33 is divided by 17.
16
Calculate the remainder when 557 is divided by 10.
7
Calculate the remainder when 3416 is divided by 81.
14
Calculate the remainder when 142 is divided by 24.
22
Calculate the remainder when 75 is divided by 40.
35
Calculate the remainder when 644 is divided by 38.
36
Calculate the remainder when 2608 is divided by 29.
27
What is the remainder when 128 is divided by 56?
16
Calculate the remainder when 219 is divided by 36.
3
What is the remainder when 962 is divided by 42?
38
What is the remainder when 573 is divided by 9?
6
What is the remainder when 2660 is divided by 11?
9
Calculate the remainder when 510 is divided by 28.
6
What is the remainder when 1685 is divided by 347?
297
Calculate the remainder when 34738 is divided by 10.
8
What is the remainder when 162 is divided by 61?
40
Calculate the remainder when 626 is divided by 41.
11
What is the remainder when 3500 is divided by 3494?
6
Calculate the remainder when 317 is divided by 121.
75
What is the remainder when 3482 is divided by 20?
2
What is the remainder when 185 is divided by 23?
1
Calculate the remainder when 121 is divided by 25.
21
Calculate the remainder when 192 is divided by 34.
22
Calculate the remainder when 197 is divided by 100.
97
Calculate the remainder when 6654 is divided by 23.
7
What is the remainder when 846 is divided by 84?
6
What is the remainder when 2270 is divided by 2269?
1
Calculate the remainder when 318 is divided by 130.
58
What is the remainder when 1174 is divided by 18?
4
Calculate the remainder when 846 is divided by 7.
6
Calculate the remainder when 117 is divided by 6.
3
What is the remainder when 1031 is divided by 8?
7
Calculate the remainder when 486 is divided by 3.
0
Calculate the remainder when 170 is divided by 151.
19
Calculate the remainder when 655 is divided by 117.
70
Calculate the remainder when 98 is divided by 70.
28
Calculate the remainder when 18 is divided by 1.
0
Calculate the remainder when 843 is divided by 4.
3
What is the remainder when 79 is divided by 31?
17
Calculate the remainder when 71 is divided by 18.
17
Calculate the remainder when 3344 is divided by 124.
120
Calculate the remainder when 485 is divided by 35.
30
Calculate the remainder when 292 is divided by 59.
56
What is the remainder when 1214 is divided by 64?
62
Calculate the remainder when 73 is divided by 28.
17
Calculate the remainder when 8494 is divided by 33.
13
What is the remainder when 769 is divided by 28?
13
Calculate the remainder when 1612 is divided by 6.
4
What is the remainder when 87 is divided by 87?
0
Calculate the remainder when 83 is divided by 82.
1
Calculate the remainder when 1374 is divided by 26.
22
What is the remainder when 3609 is divided by 87?
42
Calculate the remainder when 1013 is divided by 29.
27
What is the remainder when 338 is divided by 37?
5
What is the remainder when 89 is divided by 14?
5
Calculate the remainder when 6369 is divided by 707.
6
Calculate the remainder when 316 is divided by 152.
12
What is the remainder when 116 is divided by 24?
20
Calculate the remainder when 55 is divided by 22.
11
What is th